{"version":"1.0","provider_name":"Gremi de Constructors d&#039;Obres de Barcelona i Comarques","provider_url":"https:\/\/www.gremi-obres.org\/es\/","author_name":"gremi","author_url":"https:\/\/www.gremi-obres.org\/es\/author\/gremi\/","title":"Junta directiva - Gremi de Constructors d&#039;Obres de Barcelona i Comarques","type":"rich","width":600,"height":338,"html":"<blockquote class=\"wp-embedded-content\" data-secret=\"ogIjJl1jeQ\"><a href=\"https:\/\/www.gremi-obres.org\/es\/nosotros\/organos-de-gobierno\/\">Junta directiva<\/a><\/blockquote><iframe sandbox=\"allow-scripts\" security=\"restricted\" src=\"https:\/\/www.gremi-obres.org\/es\/nosotros\/organos-de-gobierno\/embed\/#?secret=ogIjJl1jeQ\" width=\"600\" height=\"338\" title=\"\u00abJunta directiva\u00bb \u2014 Gremi de Constructors d&#039;Obres de Barcelona i Comarques\" data-secret=\"ogIjJl1jeQ\" frameborder=\"0\" marginwidth=\"0\" marginheight=\"0\" scrolling=\"no\" class=\"wp-embedded-content\"><\/iframe><script type=\"text\/javascript\">\n\/* <![CDATA[ *\/\n\/*! This file is auto-generated *\/\n!function(d,l){\"use strict\";l.querySelector&&d.addEventListener&&\"undefined\"!=typeof URL&&(d.wp=d.wp||{},d.wp.receiveEmbedMessage||(d.wp.receiveEmbedMessage=function(e){var t=e.data;if((t||t.secret||t.message||t.value)&&!\/[^a-zA-Z0-9]\/.test(t.secret)){for(var s,r,n,a=l.querySelectorAll('iframe[data-secret=\"'+t.secret+'\"]'),o=l.querySelectorAll('blockquote[data-secret=\"'+t.secret+'\"]'),c=new RegExp(\"^https?:$\",\"i\"),i=0;i<o.length;i++)o[i].style.display=\"none\";for(i=0;i<a.length;i++)s=a[i],e.source===s.contentWindow&&(s.removeAttribute(\"style\"),\"height\"===t.message?(1e3<(r=parseInt(t.value,10))?r=1e3:~~r<200&&(r=200),s.height=r):\"link\"===t.message&&(r=new URL(s.getAttribute(\"src\")),n=new URL(t.value),c.test(n.protocol))&&n.host===r.host&&l.activeElement===s&&(d.top.location.href=t.value))}},d.addEventListener(\"message\",d.wp.receiveEmbedMessage,!1),l.addEventListener(\"DOMContentLoaded\",function(){for(var e,t,s=l.querySelectorAll(\"iframe.wp-embedded-content\"),r=0;r<s.length;r++)(t=(e=s[r]).getAttribute(\"data-secret\"))||(t=Math.random().toString(36).substring(2,12),e.src+=\"#?secret=\"+t,e.setAttribute(\"data-secret\",t)),e.contentWindow.postMessage({message:\"ready\",secret:t},\"*\")},!1)))}(window,document);\n\/\/# sourceURL=https:\/\/www.gremi-obres.org\/wp-includes\/js\/wp-embed.min.js\n\/* ]]> *\/\n<\/script>\n","description":"[vc_row row_type=\u00bbrow\u00bb use_row_as_full_screen_section=\u00bbno\u00bb type=\u00bbgrid\u00bb angled_section=\u00bbno\u00bb text_align=\u00bbleft\u00bb background_image_as_pattern=\u00bbwithout_pattern\u00bb css_animation=\u00bb\u00bb][vc_column width=\u00bb1\/2&#8243; css=\u00bb.vc_custom_1469609594958{background-color: #f9f9f9 !important;}\u00bb][vc_column_text] Junta directiva del Gremi [\/vc_column_text][vc_separator type=\u00bbsmall\u00bb position=\u00bbleft\u00bb color=\u00bb#f29760&#8243; thickness=\u00bb1&#8243; width=\u00bb86&#8243;][vc_column_text]La Asamblea General es el \u00f3rgano supremo del Gremio de Constructores de Obras de Barcelona y donde se decide por mayor\u00eda los asuntos que sean de su competencia. Se re\u00fane al menos una vez al a\u00f1o. La Asamblea la integran todos los socios del Gremio, tanto representantes de empresas y aut\u00f3nomos, como los presidentes de los Gremios comarcales adheridos al Gremio de Barcelona. &#8211; Presidente: Josep Antoni Martinez Zaplana (Contracta Obres i Tecnologia de la Rehabilitaci\u00f3, S.L.) &#8211; Vicepresidente:","thumbnail_url":"https:\/\/www.gremi-obres.org\/wp-content\/uploads\/2022\/07\/Post-Instagram-unas-nail-pedicure-manicureFashion-Minimalista-Morado-Rosado.png","thumbnail_width":1080,"thumbnail_height":1080}

[vc_row row_type=»row» use_row_as_full_screen_section=»no» type=»grid» angled_section=»no» text_align=»left» background_image_as_pattern=»without_pattern» css_animation=»»][vc_column width=»1/2&#8243; css=».vc_custom_1469609594958{background-color: #f9f9f9 !important;}»][vc_column_text] Junta directiva del Gremi [/vc_column_text][vc_separator type=»small» position=»left» color=»#f29760&#8243; thickness=»1&#8243; width=»86&#8243;][vc_column_text]La Asamblea General es el órgano supremo del Gremio de Constructores de Obras de Barcelona y donde se decide por mayoría los asuntos que sean de su competencia. Se reúne al menos una vez al año. La Asamblea la integran todos los socios del Gremio, tanto representantes de empresas y autónomos, como los presidentes de los Gremios comarcales adheridos al Gremio de Barcelona. &#8211; Presidente: Josep Antoni Martinez Zaplana (Contracta Obres i Tecnologia de la Rehabilitació, S.L.) &#8211; Vicepresidente:
