{"version":"1.0","provider_name":"Gremi de Constructors d&#039;Obres de Barcelona i Comarques","provider_url":"https:\/\/www.gremi-obres.org\/es\/","author_name":"admin","author_url":"https:\/\/www.gremi-obres.org\/es\/author\/admin\/","title":"FONS EUROPEUS PER IMPULSAR LA REHABILITACI\u00d3 D\u2019HABITATGES - Gremi de Constructors d&#039;Obres de Barcelona i Comarques","type":"rich","width":600,"height":338,"html":"<blockquote class=\"wp-embedded-content\" data-secret=\"K3Bt8rye4a\"><a href=\"https:\/\/www.gremi-obres.org\/es\/fons-europeus-per-impulsar-la-rehabilitacio-dhabitatges\/\">FONS EUROPEUS PER IMPULSAR LA REHABILITACI\u00d3 D\u2019HABITATGES<\/a><\/blockquote><iframe sandbox=\"allow-scripts\" security=\"restricted\" src=\"https:\/\/www.gremi-obres.org\/es\/fons-europeus-per-impulsar-la-rehabilitacio-dhabitatges\/embed\/#?secret=K3Bt8rye4a\" width=\"600\" height=\"338\" title=\"\u00abFONS EUROPEUS PER IMPULSAR LA REHABILITACI\u00d3 D\u2019HABITATGES\u00bb \u2014 Gremi de Constructors d&#039;Obres de Barcelona i Comarques\" data-secret=\"K3Bt8rye4a\" frameborder=\"0\" marginwidth=\"0\" marginheight=\"0\" scrolling=\"no\" class=\"wp-embedded-content\"><\/iframe><script type=\"text\/javascript\">\n\/* <![CDATA[ *\/\n\/*! This file is auto-generated *\/\n!function(d,l){\"use strict\";l.querySelector&&d.addEventListener&&\"undefined\"!=typeof URL&&(d.wp=d.wp||{},d.wp.receiveEmbedMessage||(d.wp.receiveEmbedMessage=function(e){var t=e.data;if((t||t.secret||t.message||t.value)&&!\/[^a-zA-Z0-9]\/.test(t.secret)){for(var s,r,n,a=l.querySelectorAll('iframe[data-secret=\"'+t.secret+'\"]'),o=l.querySelectorAll('blockquote[data-secret=\"'+t.secret+'\"]'),c=new RegExp(\"^https?:$\",\"i\"),i=0;i<o.length;i++)o[i].style.display=\"none\";for(i=0;i<a.length;i++)s=a[i],e.source===s.contentWindow&&(s.removeAttribute(\"style\"),\"height\"===t.message?(1e3<(r=parseInt(t.value,10))?r=1e3:~~r<200&&(r=200),s.height=r):\"link\"===t.message&&(r=new URL(s.getAttribute(\"src\")),n=new URL(t.value),c.test(n.protocol))&&n.host===r.host&&l.activeElement===s&&(d.top.location.href=t.value))}},d.addEventListener(\"message\",d.wp.receiveEmbedMessage,!1),l.addEventListener(\"DOMContentLoaded\",function(){for(var e,t,s=l.querySelectorAll(\"iframe.wp-embedded-content\"),r=0;r<s.length;r++)(t=(e=s[r]).getAttribute(\"data-secret\"))||(t=Math.random().toString(36).substring(2,12),e.src+=\"#?secret=\"+t,e.setAttribute(\"data-secret\",t)),e.contentWindow.postMessage({message:\"ready\",secret:t},\"*\")},!1)))}(window,document);\n\/\/# sourceURL=https:\/\/www.gremi-obres.org\/wp-includes\/js\/wp-embed.min.js\n\/* ]]> *\/\n<\/script>\n","thumbnail_url":"https:\/\/www.gremi-obres.org\/wp-content\/uploads\/2021\/05\/REHAB-EDIFICIOS-1.png","thumbnail_width":852,"thumbnail_height":314,"description":"Josep Gassiot Matas, President del Gremi de Constructors d\u2019Obres de Barcelona i Comarques Els Fons Europeus per a la Recuperaci\u00f3 Next Generation UE (NG) han despertat expectatives en tots els \u00e0mbits econ\u00f2mics i el Mecanisme de Recuperaci\u00f3 y Resili\u00e8ncia (MRR) ha concretat la distribuci\u00f3 dels recursos esperats. En una entrevista precedent la Sra. M\u00aa Angeles Asenjo, directora del Departament Internacional de la Confederaci\u00f3n Nacional de la Construcci\u00f3n, aporta una informaci\u00f3 valuosa que hem de considerar. Els Fons Europeus per a la Recuperaci\u00f3 Next Generation UE (NG) han despertat expectatives en tots els \u00e0mbits econ\u00f2mics i el Mecanisme de Recuperaci\u00f3 y"}

FONS EUROPEUS PER IMPULSAR LA REHABILITACIÓ D’HABITATGES - Gremi de Constructors d&#039;Obres de Barcelona i Comarques

<blockquote class="wp-embedded-content" data-secret="K3Bt8rye4a"><a href="https://www.gremi-obres.org/es/fons-europeus-per-impulsar-la-rehabilitacio-dhabitatges/">FONS EUROPEUS PER IMPULSAR LA REHABILITACIÓ D’HABITATGES</a></blockquote><iframe sandbox="allow-scripts" security="restricted" src="https://www.gremi-obres.org/es/fons-europeus-per-impulsar-la-rehabilitacio-dhabitatges/embed/#?secret=K3Bt8rye4a" width="600" height="338" title="«FONS EUROPEUS PER IMPULSAR LA REHABILITACIÓ D’HABITATGES» — Gremi de Constructors d&#039;Obres de Barcelona i Comarques" data-secret="K3Bt8rye4a" frameborder="0" marginwidth="0" marginheight="0" scrolling="no" class="wp-embedded-content"></iframe><script type="text/javascript">
/* <![CDATA[ */
/*! This file is auto-generated */
!function(d,l){"use strict";l.querySelector&&d.addEventListener&&"undefined"!=typeof URL&&(d.wp=d.wp||{},d.wp.receiveEmbedMessage||(d.wp.receiveEmbedMessage=function(e){var t=e.data;if((t||t.secret||t.message||t.value)&&!/[^a-zA-Z0-9]/.test(t.secret)){for(var s,r,n,a=l.querySelectorAll('iframe[data-secret="'+t.secret+'"]'),o=l.querySelectorAll('blockquote[data-secret="'+t.secret+'"]'),c=new RegExp("^https?:$","i"),i=0;i<o.length;i++)o[i].style.display="none";for(i=0;i<a.length;i++)s=a[i],e.source===s.contentWindow&&(s.removeAttribute("style"),"height"===t.message?(1e3<(r=parseInt(t.value,10))?r=1e3:~~r<200&&(r=200),s.height=r):"link"===t.message&&(r=new URL(s.getAttribute("src")),n=new URL(t.value),c.test(n.protocol))&&n.host===r.host&&l.activeElement===s&&(d.top.location.href=t.value))}},d.addEventListener("message",d.wp.receiveEmbedMessage,!1),l.addEventListener("DOMContentLoaded",function(){for(var e,t,s=l.querySelectorAll("iframe.wp-embedded-content"),r=0;r<s.length;r++)(t=(e=s[r]).getAttribute("data-secret"))||(t=Math.random().toString(36).substring(2,12),e.src+="#?secret="+t,e.setAttribute("data-secret",t)),e.contentWindow.postMessage({message:"ready",secret:t},"*")},!1)))}(window,document);
//# sourceURL=https://www.gremi-obres.org/wp-includes/js/wp-embed.min.js
/* ]]> */
</script>

Josep Gassiot Matas, President del Gremi de Constructors d’Obres de Barcelona i Comarques Els Fons Europeus per a la Recuperació Next Generation UE (NG) han despertat expectatives en tots els àmbits econòmics i el Mecanisme de Recuperació y Resiliència (MRR) ha concretat la distribució dels recursos esperats. En una entrevista precedent la Sra. Mª Angeles Asenjo, directora del Departament Internacional de la Confederación Nacional de la Construcción, aporta una informació valuosa que hem de considerar. Els Fons Europeus per a la Recuperació Next Generation UE (NG) han despertat expectatives en tots els àmbits econòmics i el Mecanisme de Recuperació y
